e t(-136).
-1417
Let h(z) = 2*z**2 + 6154*z + 3458849. Calculate h(-740).
89
Let v(x) = -7*x**2 + 2217*x - 11033. Calculate v(5).
-123
Let h(c) = -1310*c + 29645. What is h(23)?
-485
Let b(s) = -6842*s + 20561. Calculate b(3).
35
Let t(r) = -20*r**2 + 1617*r + 301. Determine t(81).
58
Let x(s) = 146*s**2 + 140*s + 23. Calculate x(-2).
327
Let g(k) = 17*k**3 + 11*k**2 - 85*k - 90. What is g(-1)?
-11
Let m(q) = -2*q**2 - 13595*q - 68030. Give m(-5).
-105
Let u(j) = -12338*j + 5181963. Give u(420).
3
Let j(t) = 476*t + 224. Calculate j(-6).
-2632
Let h(d) = 23*d**2 - 8470*d + 206576. Give h(342).
8
Let y(s) = s**3 - 20*s**2 - 136*s + 2334. Give y(19).
-611
Let g(u) = -544985*u - 19619461. Determine g(-36).
-1
Let k(a) = -2*a**2 - 954*a - 24288. Determine k(-450).
12
Let n(d) = 4347*d + 159. Calculate n(0).
159
Let y(z) = -94*z - 4364. Give y(-18).
-2672
Let i(m) = 4946*m + 9529. Give i(-2).
-363
Let k(x) = 5*x**3 - 282*x**2 + 383*x + 115. Calculate k(55).
5
Let w(f) = f**3 - f**2 - 142*f - 956. Give w(-12).
-1124
Let l(j) = j**3 - 63*j**2 - 3437*j - 244. Determine l(-35).
1
Let t(h) = -192*h + 7127. Determine t(33).
791
Let o(t) = 21*t**2 + 7938*t - 23997. Give o(-381).
6
Let x(q) = 1329*q + 14641. Give x(-11).
22
Let l(n) = -2*n**3 + 197*n**2 - 3769*n - 25. What is l(26)?
1
Let m(o) = -7*o**3 - 59*o**2 + 76*o + 880. Determine m(-10).
1220
Let h(t) = -t**3 + 37*t**2 + 1009*t + 3432. Give h(-15).
-3
Let j(c) = -2*c**3 - 28*c**2 + 15*c + 480. Give j(-11).
-411
Let b(i) = 8*i**3 + 12*i**2 - 63*i - 43. Determine b(6).
1739
Let d(k) = k**3 + 208*k**2 + 10484*k - 12754. Calculate d(-119).
-21
Let y(j) = -5458*j - 573144. Give y(-105).
-54
Let d(x) = 48052*x + 192223. Determine d(-4).
15
Let x(b) = 2*b**2 + 821*b + 44207. Give x(-64).
-145
Let j(m) = 13*m**2 + 4*m - 49. What is j(6)?
443
Let r(b) = -b**3 - 5*b**2 - 83*b + 355. Determine r(3).
34
Let m(b) = -b**3 - 26*b**2 + 3476*b + 93273. Calculate m(-27).
150
Let i(k) = 379*k**3 - 86*k**2 - 180*k. Calculate i(-2).
-3016
Let b(i) = 5*i**3 - 76*i**2 + 76*i - 23. Calculate b(15).
892
Let o(k) = -47*k**3 - 3165*k - 6336. What is o(-2)?
370
Let h(j) = 64*j**2 + 330*j - 10. What is h(-6)?
314
Let k(t) = -2*t**2 + 353*t - 15451. Determine k(73).
-340
Let s(q) = 57*q**3 + 36*q**2 - 147*q - 46. Determine s(5).
7244
Let d(g) = -416*g**3 + 11*g**2 - 1429*g + 1417. Calculate d(1).
-417
Let o(h) = 2*h**3 + 15*h**2 - 190*h - 1583. Give o(-9).
-116
Let q(j) = j**3 - 143*j**2 - 1195*j - 1804. Determine q(-6).
2
Let v(y) = 2296*y**2 + 18310*y - 211. Calculate v(-8).
253
Let o(z) = -40*z**2 + 2049*z - 484. Give o(51).
-25
Let a(y) = 855*y - 294085. Calculate a(344).
35
Let r(j) = -9735*j + 29926. Determine r(3).
721
Let x(q) = -3*q**3 + 60*q**2 + 26*q + 69. Calculate x(20).
589
Let s(i) = 145*i**2 - 1082*i + 1778. Determine s(5).
-7
Let v(p) = 6781*p - 47411. Give v(7).
56
Let c(w) = -387*w - 16042. Calculate c(-39).
-949
Let m(x) = 1841*x + 346129. What is m(-188)?
21
Let l(s) = -14*s**3 + 57*s**2 + 15*s + 2. Calculate l(4).
78
Let j(n) = -14*n**2 + 1121*n - 366. Calculate j(80).
-286
Let n(x) = -388*x - 6274. What is n(-14)?
-842
Let c(x) = 8028*x - 23260. What is c(3)?
824
Let w(o) = 128*o - 19571. Calculate w(155).
269
Let t(k) = -2*k**3 + 45*k**2 - 47*k - 147. Calculate t(22).
-697
Let j(d) = 5*d**2 + 45*d - 414. What is j(-16)?
146
Let p(y) = 19*y**2 - 219*y + 397. Give p(11).
287
Let q(z) = z**3 - 29*z**2 - 16403*z + 412648. Determine q(25).
73
Let c(s) = -2955*s + 5889. Give c(2).
-21
Let w(f) = -60*f + 9004. Give w(151).
-56
Let n(p) = -p**2 - 252*p - 11072. Calculate n(-205).
-1437
Let l(n) = n**2 - 3071*n + 30780. What is l(10)?
170
Let g(f) = 10099*f + 2504531. Give g(-248).
-21
Let i(s) = -11*s**3 + 37*s**2 - 47*s + 1. What is i(3)?
-104
Let h(f) = -f**3 + 77*f**2 - 1404*f - 917. What is h(46)?
95
Let g(w) = -w**3 + 56*w**2 + 87*w - 1904. Calculate g(57).
-194
Let a(k) = -k**3 - 51*k**2 + 4188*k + 756. What is a(-95)?
-4
Let z(a) = 4364*a - 100380. What is z(23)?
-8
Let p(d) = -d**2 - 6213*d - 968469. Calculate p(-160).
11
Let j(t) = -t**3 + 30*t**2 + 682*t + 232. What is j(45)?
547
Let i(s) = 68287*s + 68279. Determine i(-1).
-8
Let t(r) = 13463*r + 27116. Calculate t(-2).
190
Let q(p) = -2*p**3 - 242*p**2 + 219*p - 2408. Determine q(-122).
642
Let d(f) = 30*f**2 + 4904*f - 2606. Calculate d(-164).
18
Let d(j) = -j**3 + 21*j**2 + 201*j - 213. Give d(29).
-1112
Let g(i) = 8*i**2 - 2128*i + 20479. Give g(10).
-1
Let b(f) = 3*f**2 + 219*f - 4736. Determine b(21).
1186
Let w(p) = -p**2 + 182*p - 8346. Calculate w(111).
-465
Let y(i) = 2*i**3 - 296*i**2 + 228*i - 33896. What is y(148)?
-152
Let y(l) = -9*l**2 + 2152*l + 1881. Calculate y(240).
-39
Let v(h) = h**3 + 67*h**2 - 52*h - 3328. Calculate v(-67).
156
Let m(x) = -8*x**2 - 411*x + 721. Give m(-54).
-413
Let l(u) = 37*u**2 - 59*u - 624. Determine l(5).
6
Let b(q) = -q**2 - 17*q + 2406. What is b(39)?
222
Let w(d) = d**3 + 116*d**2 - 1489*d - 184469. Determine w(-115).
-9
Let f(u) = -4929933*u - 19719735. What is f(-4)?
-3
Let w(l) = 73*l**2 + 778*l - 2. Calculate w(-8).
-1554
Let l(y) = 10167*y - 50775. Give l(5).
60
Let j(s) = -176*s**2 + 163*s + 5. Determine j(-2).
-1025
Let v(b) = 4328*b**2 + 8636*b + 2. Give v(-2).
42
Let o(p) = 12333*p + 12276. Determine o(-1).
-57
Let s(f) = f**2 - 169*f - 102117. What is s(-246)?
-27
Let i(n) = -6479*n**2 + 38861*n + 2. Calculate i(6).
-76
Let j(v) = -66*v + 691. Give j(15).
-299
Let a(n) = 2*n**3 - 484*n**2 + 489*n - 1692. Determine a(241).
-5
Let j(m) = m**3 - 29*m**2 + 265*m - 749. What is j(8)?
27
Let t(q) = q**2 + 66*q - 324. What is t(-71)?
31
Let y(o) = 72*o**2 + 6595*o + 10327. Give y(-90).
-23
Let q(m) = -3130*m - 4388224. What is q(-1402)?
36
Let g(y) = y**2 + 15552*y - 6626304. Determine g(415).
1
Let u(b) = 6*b + 115. Calculate u(-38).
-113
Let j(t) = -3969*t + 3910. Give j(1).
-59
Let h(r) = -r**3 - 67*r**2 - 935*r - 1114. What is h(-48)?
-10
Let b(u) = 1090*u**2 + 155876*u + 893. What is b(-143)?
35
Let q(n) = 3978*n - 330178. What is q(83)?
-4
Let m(u) = 42*u**2 - 8649*u + 7989. What is m(205)?
-6
Let b(i) = -4*i**2 - 623*i - 22297. Give b(-100).
3
Let q(n) = -412*n + 2857. What is q(6)?
385
Let c(w) = -2802018*w - 1. What is c(0)?
-1
Let w(i) = 35*i**2 - 298*i - 3799. What is w(-7)?
2
Let g(i) = i**3 + 75*i**2 - 130*i + 2009. Determine g(-77).
161
Let r(b) = 144*b**2 - 2566*b + 17. Calculate r(18).
485
Let s(c) = 66*c**2 + 51409*c + 47467. Give s(-778).
9
Let b(l) = 2*l**3 - 66*l**2 - 183*l + 4316. Give b(34).
406
Let v(n) = -77*n**2 + 783*n - 217. Give v(11).
-921
Let x(o) = 79*o**2 - 28717*o - 175147. What is x(-6)?
-1
Let a(d) = -7*d**3 - 23*d**2 + 250*d - 402. What is a(2)?
-50
Let g(v) = v**3 - 250*v**2 + 1222*v + 297. Determine g(245).
-438
Let q(p) = 6*p**3 + 23*p**2 - 108*p + 662. Determine q(7).
3091
Let l(j) = 113*j + 34431. Calculate l(-305).
-34
Let l(y) = -y**3 + 44*y**2 - 31*y - 838. Calculate l(43).
-322
Let h(k) = -k**2 + 306*k + 2323. What is h(-8)?
-189
Let m(r) = 65*r**3 - 13449*r**2 - 1238*r - 820. Calculate m(207).
8
Let h(m) = 669*m + 40637. Calculate h(-63).
-1510
Let j(v) = 2*v**2 - 1681*v + 3371. Calculate j(2).
17
Let g(w) = 4*w**3 - 179*w**2 + 133*w - 185. Calculate g(44).
-141
Let v(w) = 17*w**2 - 956*w + 13137. Determine v(32).
-47
Let a(v) = v**3 - 44*v**2 + 64*v - 2901. Give a(44).
-85
Let a(o) = 1009*o + 1112. Determine a(-2).
-906
Let a(s) = 95846*s + 95768. Calculate a(-1).
-78
Let p(t) = 275*t + 1875. Calculate p(-8).
-325
Let c(i) = -10*i**2 - 696*i - 1260. Calculate c(-68).
-172
Let m(h) = h**3 - 20*h**2 - 490*h - 2116. Calculate m(-9).
-55
Let b(h) = -253*h + 2590. Give b(10).
60
Let x(m) = 2*m**2 - 193*m - 578. Determine x(-3).
19
Let c(o) = 6308*o + 195806. Give c(-31).
258
Let o(l) = 11*l**2 + 501*l - 2778. What is o(5)?
2
Let o(f) = -3*f**2 - 897*f - 51673. Calculate o(-221).
41
Let b(a) = -235*a**2 - 323*a - 9. What is b(-3)?
-1155
Let g(q) = -q**3 + 59*q**2 + 61*q + 460. Determine g(60).
520
Let q(c) = 16*c**2 - 1845*c + 123. Give q(115).
-452
Let a(x) = -328*x - 15767. Calculate a(-48).
-23
Let m(q) = -13855*q - 5611276. Give m(-405).
-1
Let d(c) = c**3 - 23*c**2 + 179*c - 1021. What is d(18)?
581
Let f(j) = j**3 + 15*j**2 + 372*j + 5120. Give f(-14